
Let i(d) = 70*d + 3. Calculate the remainder when i(1) is divided by 19.
16
Suppose 0 = 2*m - 1 - 5. Suppose 0 = 2*z + z. Suppose z = 5*o - s - 37, -4*o + 3*o + 3*s = 1. What is the remainder when o is divided by m?
2
Let w = 33 + -18. Let i = w - 9. What is the remainder when i is divided by 4?
2
Let v(w) = 6*w + 1. Let p(d) = d**2 + 2. Let o(f) = -1. Let u(t) = 3*o(t) + p(t). What is the remainder when v(1) is divided by u(2)?
1
Suppose -5*f + 8*g + 65 = 6*g, -4*g = 2*f - 50. Calculate the remainder when 50 is divided by f.
5
Suppose 2*k = -2*k + 20. What is the remainder when 26 is divided by k?
1
Suppose 0 = -4*j - 4*a + 40, -a = a + 6. Calculate the remainder when 37 is divided by j.
11
Suppose 20 = -5*i, -5*w - 29 = -10*w + i. Let v(l) = -l**3 - 3*l**2 + 8*l + 4. Calculate the remainder when v(-5) is divided by w.
4
Let a(s) = -s**2 - 6*s + 3. Let d be a(-6). Suppose p - 45 = -3*n, -d*n = 3*p - 7*p - 45. What is the remainder when n is divided by 9?
6
What is the remainder when ((-10)/3)/(22/(-1188)) is divided by 14?
12
Let k(o) = 2*o**2 - o + 1. Calculate the remainder when k(2) is divided by (6/(-5 - -3))/(-1).
1
Suppose 0 = -4*d + 12. Suppose -4*t - 6 + 32 = o, 68 = d*o + 2*t. Calculate the remainder when o is divided by 12.
10
Suppose 0 = 2*z - 21 + 3. Calculate the remainder when 33 is divided by z.
6
Let w = 13 - 10. Suppose 0 = -8*d + w*d + 60. Calculate the remainder when 45 is divided by d.
9
Calculate the remainder when (-129)/(-2)*9/((-135)/(-10)) is divided by 15.
13
What is the remainder when 28 is divided by (-3 + 1)*((-27)/6 - 3)?
13
Suppose 4*u + u = 15. Suppose 13 = u*f - 8. Suppose -5*j - 56 = 4*o - f*o, o = -2*j + 15. Calculate the remainder when o is divided by 6.
5
Let f(j) = -j**2 + 8*j - 5. Let u = 28 - 10. What is the remainder when u is divided by f(5)?
8
Suppose -4 = -3*n + j, -n + 5*n = 4*j. Let y(w) = w**2 + 6*w + n*w**2 - 2*w + 3 - 2. Calculate the remainder when y(-4) is divided by 17.
16
Let d be (-5)/(2/(2/(-1))). Suppose -5*b = d*o - 15, 3*b + 15 = -o + 4*o. What is the remainder when o is divided by 2?
0
Let u = 240 - 226. Let s = -7 - -5. Calculate the remainder when 110/4 - s/(-4) is divided by u.
13
What is the remainder when -3 + (8 + 1 - -3) is divided by 5?
4
Suppose -u = -5*u + 36. Let m(f) = 7*f - 10. Let y be m(u). Suppose 2*j - 2*b = 30, 0 = 3*j - 0*j + b - y. Calculate the remainder when 50 is divided by j.
16
Suppose 6*n - 2*n - 80 = 0. What is the remainder when 36 is divided by n?
16
Let t(r) be the second derivative of 5*r**3/6 - r. Calculate the remainder when -2 + 2 + 0 + 28 is divided by t(2).
8
Let q(t) = 2*t**2 + 3*t + 2. Let c be q(-2). Let a be (-1)/(((-8)/6)/c). Suppose 25 = -2*n + a*n. What is the remainder when n is divided by 13?
12
Let o = -49 - -93. Suppose 0 = -5*j + f + 67, -7*f + o = 4*j - 3*f. What is the remainder when j is divided by 7?
6
Let j be 2/(3*8/1500). Suppose b = -5*z + 17, -6 = 2*z + 5*b + 1. Suppose z*f = -f + j. Calculate the remainder when f is divided by 14.
11
Let v(o) = 11*o - 1. Suppose -3 = 2*z - i, -z + 18 + 8 = 5*i. Let y(w) = 15*w - 2. What is the remainder when y(2) is divided by v(z)?
8
Let y = 0 - -4. What is the remainder when (-12)/72 + 134/12 is divided by y?
3
Let a(m) = m**3 - 3*m**2 + m - 3. Suppose -5*t = 4*k - 32, -t - 3*k + 25 = 3*t. What is the remainder when a(t) is divided by 9?
8
Suppose 0 = -3*q + q + 10, q - 33 = 4*n. Let d = n - 3. Calculate the remainder when (15/d)/((-2)/24) is divided by 10.
8
Suppose 44 = 12*n - 4. Calculate the remainder when n is divided by 2 + (-2 - -4)/2.
1
Let r = -68 - -97. Let g be (-12 + 1)*(0 + -1). What is the remainder when r is divided by -1 + g + (9 - 9)?
9
Suppose q = 7 + 3. What is the remainder when q is divided by 3?
1
Let v(g) = g**2 + 7*g + 4. Let d be v(-7). Suppose 2*r + 22 = d*r. Let f(m) = -6*m - 4. Calculate the remainder when f(-6) is divided by r.
10
What is the remainder when (3 + (-20)/8)/((-3)/(-444)) is divided by 7?
4
Calculate the remainder when 47 is divided by 65/4 - 8/32.
15
Suppose 0 = -8*f + 10*f - 10. Calculate the remainder when 15 is divided by f.
0
Suppose -6 = -0*h + h. Let s be 24/(-10)*135/h. Suppose -5*v + 4*t = t - s, -42 = -3*v - 3*t. Calculate the remainder when v is divided by 7.
5
Let n = -74 + 35. Let b = 55 + n. What is the remainder when b is divided by 6?
4
Suppose 0 = -19*f + 28*f - 81. Calculate the remainder when 13 is divided by f.
4
Let o be 69/6 + 3/(-6). Let p be (12/(-15))/((-2)/50). Let r = p - o. Calculate the remainder when 16 is divided by r.
7
Suppose 0*c + b = -2*c + 6, 0 = 2*b. Suppose -5*a = 3*v - 0*v - 17, 3*v - 15 = -c*a. What is the remainder when 9 is divided by v?
1
Let r be (0 - 3/6)*-4. Suppose 5*g - r = 18. What is the remainder when g is divided by 2?
0
Suppose 2*t = -0*t + 32. Suppose -4*a - 12 = -7*a. Calculate the remainder when t/(-72) + (-119)/(-9) is divided by a.
1
Let k = 1 + -5. What is the remainder when 13 is divided by 6/k + 68/8?
6
What is the remainder when 89 is divided by 46*(2/(-3))/((-28)/21)?
20
Let x = 84 - 31. Calculate the remainder when x is divided by (10 + 196/(-21))/((-2)/(-81)).
26
Let j(d) = 47*d + 2. Let x(s) = -17*s. What is the remainder when j(1) is divided by x(-1)?
15
Calculate the remainder when 45 is divided by (-261)/(-12) + (-1)/(-4) - -1.
22
Suppose 5*f - 26 = -11. What is the remainder when 25 is divided by f?
1
Let p(h) = 3*h**2 - 8*h + 5. Calculate the remainder when p(5) is divided by 21.
19
Let t(r) = -5*r + 10. Let c = -4 + 52. What is the remainder when c is divided by t(-3)?
23
Let s be 5*(-7)/((-7)/4). Suppose s = -3*p + 7*p. What is the remainder when 3*4 + 0 + 2 is divided by p?
4
Calculate the remainder when (1*197)/(((-7)/7)/(-1)) is divided by 40.
37
Suppose -10 = -t + 27. Calculate the remainder when 71 is divided by t.
34
Suppose 2*a + 1 = 3. What is the remainder when 47 is divided by 10 - a - (-7 - -4)?
11
Let u be (-2)/(-4) + 60/24. Suppose -2*m - u*g + 17 = -35, -5*m = 3*g - 139. What is the remainder when m is divided by 15?
14
Let g = 21 + -19. What is the remainder when 11 is divided by g?
1
Let u(h) = -7*h + 1. Let a be u(-5). Suppose -2*y - 2*y + 3*m = -112, 5*y - m = 140. Suppose y + a = 4*w. What is the remainder when 29 is divided by w?
13
Let p be (-40)/(-6)*(-6)/4. Let b = 8 + p. Let c = b + 19. What is the remainder when c is divided by 10?
7
Suppose 34 = 2*p - 2*j, 3*j - 11 = 1. What is the remainder when p is divided by 8?
5
Suppose 4*i + 5*y - 177 = 0, 3*y = -1 + 4. Let v(c) = 9*c - 3. What is the remainder when i is divided by v(2)?
13
Suppose h - 5*h + 36 = 0. Calculate the remainder when 35 is divided by h.
8
Let d(m) be the first derivative of m**2 - 13*m + 3. Calculate the remainder when 12 is divided by d(10).
5
Suppose 7*b - 44 = 5*b. Let d = -8 + b. What is the remainder when 55 is divided by d?
13
Calculate the remainder when (-24)/(-16) + (-634)/(-4) is divided by 42.
34
Suppose 0 = -0*d + d. Suppose d = -f + 5*f + 4*u - 68, -5*u + 59 = 3*f. Suppose 5*w - f = 22. What is the remainder when 19 is divided by w?
5
Let a = -5 + 8. Let f(j) = 1 - 3*j + 6*j - 2. What is the remainder when a is divided by f(1)?
1
Let k = 14 + -2. Calculate the remainder when k is divided by 5.
2
What is the remainder when 85 is divided by ((-2)/3)/((-9)/567) - -1?
42
Let f be (-15)/20 - (-6)/8. Calculate the remainder when (f - -3)*7 - -2 is divided by 8.
7
Let c = 82 + -64. What is the remainder when 87 is divided by c?
15
Suppose -w + 2 = -7. Suppose -4*l + w = -l. What is the remainder when 9 is divided by l?
0
Let t(z) = z**3 + 7*z**2 + 6*z. Let g(w) = 4*w**2 - 3*w + 9. What is the remainder when g(5) is divided by t(-4)?
22
Let x(r) = r**3 + 5*r**2 + r + 3. Let y be x(-5). Let t be ((-4)/6)/(y/9). Let l = t - -11. Calculate the remainder when l is divided by 8.
6
Let s be (2 - (2 - 1))*2. Suppose 3*r - 10 = -s*r. Suppose 0 = y + r - 16. Calculate the remainder when y is divided by 8.
6
Let g = 96 + -37. Calculate the remainder when g is divided by 21.
17
Suppose 2*w - 8 = -0*w. Suppose 3*s - 7*s + 3*n + 28 = 0, w*s = n + 20. Calculate the remainder when (46/(-3))/(s/(-12)) is divided by 16.
14
Suppose -2*s - 1 - 1 = 0. Calculate the remainder when 119 is divided 